3, 17, 31, 186191
List the prime factors of 69428760.
2, 3, 5, 578573
What are the prime factors of 8050644611?
8050644611
What are the prime factors of 405557534?
2, 11699, 17333
What are the prime factors of 104996464?
2, 6562279
What are the prime factors of 4579115073?
3, 13, 101, 1162507
What are the prime factors of 114844332?
2, 3, 9570361
What are the prime factors of 181614444?
2, 3, 11, 271, 5077
List the prime factors of 96701578.
2, 48350789
List the prime factors of 311946596.
2, 13, 43, 139511
What are the prime factors of 121467108?
2, 3, 7, 17, 85061
List the prime factors of 104009621.
17, 281, 21773
What are the prime factors of 13246221?
3, 4415407
What are the prime factors of 2282685856?
2, 11, 577, 11239
List the prime factors of 2012588214.
2, 3, 7, 13, 17, 1283
List the prime factors of 240177941.
240177941
List the prime factors of 4175867.
4175867
List the prime factors of 1139630862.
2, 3, 251, 756727
List the prime factors of 3174910612.
2, 793727653
List the prime factors of 179638344.
2, 3, 831659
What are the prime factors of 197434584?
2, 3, 101561
What are the prime factors of 1253478026?
2, 293, 1259, 1699
What are the prime factors of 837908044?
2, 209477011
What are the prime factors of 230205222?
2, 3, 13, 983783
What are the prime factors of 265669768?
2, 7, 13, 37, 1409
What are the prime factors of 84507231?
3, 19, 1482583
What are the prime factors of 19779108?
2, 3, 1648259
List the prime factors of 6478974.
2, 3, 119981
List the prime factors of 166084912.
2, 7, 349, 607
What are the prime factors of 2832218226?
2, 3, 463, 339839
What are the prime factors of 1769496080?
2, 5, 11, 71, 127, 223
List the prime factors of 990590422.
2, 19, 41, 635809
What are the prime factors of 15116506?
2, 167, 45259
List the prime factors of 230452641.
3, 107, 79769
List the prime factors of 59870075.
5, 661, 3623
List the prime factors of 744604332.
2, 3, 191, 324871
What are the prime factors of 56568368?
2, 67, 52769
List the prime factors of 214692222.
2, 3, 991, 36107
List the prime factors of 1729691518.
2, 41, 21093799
List the prime factors of 866433991.
19, 45601789
List the prime factors of 125219961.
3, 2243, 6203
What are the prime factors of 4478905163?
4127, 1085269
List the prime factors of 129167887.
17, 7598111
List the prime factors of 2339001684.
2, 3, 43, 167887
What are the prime factors of 23468785?
5, 137, 34261
List the prime factors of 3702706.
2, 7, 73, 3623
What are the prime factors of 3120195507?
3, 11, 13, 491, 14813
What are the prime factors of 105680468?
2, 157, 168281
What are the prime factors of 105721382?
2, 13, 353, 11519
List the prime factors of 16457796.
2, 3, 97, 1571
What are the prime factors of 545775010?
2, 5, 11, 73, 67967
What are the prime factors of 25136807?
25136807
List the prime factors of 922251938.
2, 17, 27125057
What are the prime factors of 110045089?
7, 11, 59, 24223
What are the prime factors of 2073696971?
233, 8899987
List the prime factors of 650839082.
2, 1487, 218843
What are the prime factors of 399692764?
2, 41, 2437151
What are the prime factors of 48243714?
2, 3, 47, 171077
List the prime factors of 220408336.
2, 601, 22921
What are the prime factors of 733470513?
3, 167, 331, 4423
What are the prime factors of 111721503?
3, 37240501
What are the prime factors of 273445812?
2, 3, 47, 161611
List the prime factors of 6451068.
2, 3, 13, 3181
List the prime factors of 42233019.
3, 29, 485437
List the prime factors of 145101266.
2, 31, 113, 139, 149
List the prime factors of 45769594.
2, 13, 19, 7127
List the prime factors of 398907418.
2, 7, 13, 2191799
List the prime factors of 2295172721.
5743, 399647
List the prime factors of 501532479.
3, 7, 884537
List the prime factors of 567810932.
2, 13, 839957
List the prime factors of 377999896.
2, 17, 2779411
What are the prime factors of 1778945972?
2, 83, 5358271
List the prime factors of 3726810462.
2, 3, 9649, 64373
What are the prime factors of 146545404?
2, 3, 19, 397, 1619
What are the prime factors of 59662688?
2, 59, 31601
What are the prime factors of 9231555489?
3, 13, 181, 1307771
What are the prime factors of 277389497?
7, 11, 3602461
List the prime factors of 353712936.
2, 3, 2339, 6301
List the prime factors of 1747193495.
5, 53, 6593183
What are the prime factors of 48605494?
2, 7, 37, 103, 911
What are the prime factors of 108341576?
2, 7, 1934671
What are the prime factors of 57511497?
3, 19170499
What are the prime factors of 5876984356?
2, 131, 11215619
List the prime factors of 18321706.
2, 13, 704681
List the prime factors of 399442233.
3, 9533, 13967
What are the prime factors of 2133297450?
2, 3, 5, 881, 5381
List the prime factors of 597181586.
2, 67, 4456579
What are the prime factors of 2900111078?
2, 23, 137, 460189
List the prime factors of 153285097.
7, 29, 107, 7057
What are the prime factors of 819703964?
2, 204925991
What are the prime factors of 1443171304?
2, 180396413
What are the prime factors of 221565292?
2, 13, 233, 18287
What are the prime factors of 2949210939?
3, 983070313
What are the prime factors of 999431100?
2, 3, 5, 1110479
List the prime factors of 22929190.
2, 5, 2292919
What are the prime factors of 22072344?
2, 3, 7, 137
What are the prime factors of 314867039?
314867039
List the prime factors of 194208823.
19, 10221517
What are the prime factors of 179126943?
3, 17, 3512293
List the prime factors of 919149839.
919149839
List the prime factors of 1358146620.
2, 3, 5, 1699, 4441
List the prime factors of 170189097.
3, 13, 1801, 2423
What are the prime factors of 7134709150?
2, 5, 593, 240631
List the prime factors of 270865211.
2293, 118127
List the prime factors of 278881072.
2, 23, 757829
List the prime factors of 1543712986.
2, 43, 137, 131023
List the prime factors of 29538111.
3, 9846037
List the prime factors of 364081601.
13, 2154329
What are the prime factors of 613139078?
2, 306569539
List the prime factors of 542548633.
11, 23, 137, 1423
What are the prime factors of 150332866?
2, 75166433
List the prime factors of 2151764519.
2151764519
What are the prime factors of 5152114393?
29, 177659117
List the prime factors of 940683517.
940683517
What are the prime factors of 1249988239?
193, 1867, 3469
What are the prime factors of 87047175?
3, 5, 107, 10847
What are the prime factors of 62824219?
62824219
List the prime factors of 116404499.
116404499
What are the prime factors of 1777911373?
7, 253987339
List the prime factors of 134986555.
5, 11, 31, 41, 1931
What are the prime factors of 47180867?
47180867
What are the prime factors of 5647475814?
2, 3, 6469, 145501
List the prime factors of 1129194750.
2, 3, 5, 29, 193, 269
What are the prime factors of 284762744?
2, 7, 5085049
List the prime factors of 2075158845.
3, 5, 5123849
List the prime factors of 2957030958.
2, 3, 7, 241, 389, 751
What are the prime factors of 58713053?
7, 17, 521, 947
What are the prime factors of 4777294?
2, 1237, 1931
What are the prime factors of 350139392?
2, 109, 3137
List the prime factors of 3479140464.
2, 3, 19, 149, 25603
List the prime factors of 12493179.
3, 103, 13477
List the prime factors of 778034925.
3, 5, 613, 5641
What are the prime factors of 1406436543?
3, 173, 331, 2729
What are the prime factors of 4154529485?
5, 830905897
What are the prime factors of 48710298?
2, 3, 7, 13, 89213
List the prime factors of 286372453.
286372453
What are the prime factors of 460483905?
3, 5, 7, 19, 230819
What are the prime factors of 139999473?
3, 73, 409, 521
What are the prime factors of 3847927059?
3, 131, 1087907
What are the prime factors of 1312160281?
23, 31, 1840337
What are the prime factors of 96184169?
89, 577, 1873
List the prime factors of 94788967.
7, 13, 19, 73, 751
List the prime factors of 134387118.
2, 3, 53, 140867
What are the prime factors of 265109713?
11, 17, 1417699
What are the prime factors of 861910212?
2, 3, 113, 563, 1129
What are the prime factors of 40982318?
2, 13, 1576243
What are the prime factors of 3095409514?
2, 67, 3469, 6659
What are the prime factors of 329047140?
2, 3, 5, 41, 181, 739
What are the prime factors of 16382165?
5, 41, 157, 509
What are the prime factors of 30562880?
2, 5, 149, 641
What are the prime factors of 